 380506.
2, 7, 27179
What are the prime factors of 727884?
2, 3, 20219
What are the prime factors of 12344927?
7, 19, 101, 919
What are the prime factors of 1035062?
2, 7, 17, 4349
What are the prime factors of 27163915?
5, 5432783
What are the prime factors of 14704384?
2, 71, 809
List the prime factors of 639972.
2, 3, 29, 613
List the prime factors of 395810.
2, 5, 39581
List the prime factors of 191808.
2, 3, 37
What are the prime factors of 11444848?
2, 715303
List the prime factors of 417713.
137, 3049
What are the prime factors of 460848?
2, 3, 9601
List the prime factors of 4260409.
47, 90647
What are the prime factors of 10026233?
7, 29231
What are the prime factors of 1580401?
19, 223, 373
List the prime factors of 379273.
379273
List the prime factors of 4062171.
3, 1354057
What are the prime factors of 395389?
271, 1459
What are the prime factors of 6138057?
3, 293, 6983
List the prime factors of 1656644.
2, 11, 23, 1637
List the prime factors of 5317063.
29, 47, 83
What are the prime factors of 668693?
43, 15551
What are the prime factors of 2103168?
2, 3, 5477
What are the prime factors of 891067?
891067
List the prime factors of 1382292.
2, 3, 12799
List the prime factors of 1402150.
2, 5, 29, 967
What are the prime factors of 315463?
167, 1889
What are the prime factors of 218128?
2, 13633
What are the prime factors of 260344?
2, 7, 4649
What are the prime factors of 812205?
3, 5, 18049
List the prime factors of 102405.
3, 5, 6827
List the prime factors of 205854.
2, 3, 11, 3119
What are the prime factors of 5431885?
5, 41, 26497
List the prime factors of 725237.
17, 37, 1153
What are the prime factors of 527978?
2, 11, 103, 233
List the prime factors of 487968.
2, 3, 13, 17, 23
List the prime factors of 651156.
2, 3, 11, 4933
List the prime factors of 704836.
2, 11, 83, 193
What are the prime factors of 3244427?
223, 14549
List the prime factors of 183526.
2, 7, 13109
What are the prime factors of 14489529?
3, 4829843
List the prime factors of 4212735.
3, 5, 163, 1723
What are the prime factors of 292358?
2, 11, 97, 137
List the prime factors of 7779636.
2, 3, 31, 6971
List the prime factors of 2054320.
2, 5, 25679
What are the prime factors of 932683?
932683
What are the prime factors of 792936?
2, 3, 3671
What are the prime factors of 449441?
449441
List the prime factors of 938656.
2, 29333
List the prime factors of 51997.
11, 29, 163
What are the prime factors of 119009?
11, 31, 349
List the prime factors of 217240.
2, 5, 5431
What are the prime factors of 6606227?
163, 40529
List the prime factors of 36797203.
37, 653, 1523
List the prime factors of 31055116.
2, 43, 71, 2543
What are the prime factors of 1598925?
3, 5, 21319
List the prime factors of 1106891.
1106891
List the prime factors of 20585193.
3, 1117, 6143
List the prime factors of 6427570.
2, 5, 41, 61, 257
What are the prime factors of 19866255?
3, 5, 53, 24989
What are the prime factors of 465082?
2, 19, 12239
What are the prime factors of 8921?
11, 811
What are the prime factors of 571677?
3, 29, 6571
List the prime factors of 1882414.
2, 941207
What are the prime factors of 185052?
2, 3, 7, 2203
List the prime factors of 673552.
2, 11, 43, 89
What are the prime factors of 10373565?
3, 5, 347, 1993
List the prime factors of 845348.
2, 7, 19, 227
List the prime factors of 4734464.
2, 7, 1321
List the prime factors of 4492239.
3, 181, 8273
List the prime factors of 1229561.
1229561
What are the prime factors of 1534141?
7, 131, 239
List the prime factors of 15180413.
15180413
What are the prime factors of 70723?
197, 359
What are the prime factors of 2600971?
83, 31337
List the prime factors of 152645.
5, 30529
What are the prime factors of 160932?
2, 3, 13411
What are the prime factors of 26648148?
2, 3, 331, 6709
What are the prime factors of 609922?
2, 304961
List the prime factors of 554671.
13, 42667
List the prime factors of 10022029.
233, 43013
What are the prime factors of 60155?
5, 53, 227
List the prime factors of 266539.
7, 13, 29, 101
List the prime factors of 12829312.
2, 73, 1373
List the prime factors of 1044943.
19, 43, 1279
List the prime factors of 397152.
2, 3, 7, 197
What are the prime factors of 999694?
2, 191, 2617
What are the prime factors of 250806?
2, 3, 41801
What are the prime factors of 52483?
31, 1693
List the prime factors of 385232.
2, 24077
What are the prime factors of 33295?
5, 6659
What are the prime factors of 944631?
3, 104959
What are the prime factors of 145383?
3, 7, 23, 43
What are the prime factors of 3341865?
3, 5, 222791
List the prime factors of 11190342.
2, 3, 1865057
What are the prime factors of 7832079?
3, 107, 2711
What are the prime factors of 20373988?
2, 523, 9739
List the prime factors of 1183986.
2, 3, 65777
List the prime factors of 1359366.
2, 3, 71, 3191
What are the prime factors of 572609?
572609
What are the prime factors of 969019?
19, 51001
List the prime factors of 9580311.
3, 13, 81883
List the prime factors of 2740529.
11, 29, 71
List the prime factors of 5424859.
11, 493169
List the prime factors of 174215.
5, 34843
List the prime factors of 2559364.
2, 37, 17293
List the prime factors of 535278.
2, 3, 89213
What are the prime factors of 1996472?
2, 479, 521
List the prime factors of 4789337.
7, 684191
What are the prime factors of 394718?
2, 197359
List the prime factors of 9628539.
3, 3209513
List the prime factors of 2738545.
5, 547709
List the prime factors of 111151.
41, 2711
What are the prime factors of 1038665?
5, 43, 4831
List the prime factors of 1112156.
2, 31, 8969
List the prime factors of 442415.
5, 19, 4657
List the prime factors of 581018.
2, 290509
What are the prime factors of 780754?
2, 13, 30029
List the prime factors of 170916.
2, 3, 14243
What are the prime factors of 8229?
3, 13, 211
List the prime factors of 121794.
2, 3, 53, 383
List the prime factors of 15866476.
2, 109, 151, 241
List the prime factors of 471016.
2, 7, 13, 647
List the prime factors of 5070233.
7, 17, 137, 311
What are the prime factors of 320027?
320027
List the prime factors of 9988937.
7, 1426991
List the prime factors of 1002184.
2, 17, 7369
What are the prime factors of 2474678?
2, 41, 103, 293
List the prime factors of 455337.
3, 50593
What are the prime factors of 649021?
19, 34159
What are the prime factors of 2685248?
2, 41957
List the prime factors of 5721480.
2, 3, 5, 23, 691
What are the prime factors of 17488251?
3, 11, 53, 101
What are the prime factors of 644911?
644911
List the prime factors of 29348446.
2, 43, 331, 1031
List the prime factors of 5093873.
317, 16069
List the prime factors of 358922.
2, 179461
What are the prime factors of 1249870?
2, 5, 124987
List the prime factors of 3672455.
5, 59, 211
List the prime factors of 1411595.
5, 17, 16607
List the prime factors of 558823.
137, 4079
What are the prime factors of 381548?
2, 17, 31, 181
What are the prime factors of 216658?
2, 13, 641
What are the prime factors of 338814?
2, 3, 7, 2689
List the prime factors of 1449874.
2, 23, 43, 733
What are the prime factors of 3199094?
2, 17, 37, 2543
What are the prime factors of 3319743?
3, 7, 17, 547
List the prime factors of 257788.
2, 17, 223
List the prime factors of 280724.
2, 70181
List the prime factors of 2147724.
2, 3, 59659
List the prime factors of 9241357.
9241357
List the prime factors of 7513232.
2, 47, 97, 103
List the prime factors of 16194696.
2, 3, 7, 47, 293
List the prime factors of 24317640.
2, 3, 5, 31, 2179
List the prime factors of 1885723.
7, 269389
What are the prime factors of 10039053?
3, 3346351
List the prime factors of 2383294.
2, 139, 8573
List the prime factors of 19036376.
2, 2379547
What are the prime factors of 2255433?
3, 19, 39569
List the prime factors of 14137121.
19, 39161
List the prime factors of 134347.
37, 3631
List the prime factors of 6728349.
3, 2242783
What are the prime factors of 2165974?
2, 347, 3121
What are the prime factors of 6550163?
6550163
What are the prime factors of 568305?
3, 5, 73, 173
What are the prime factors of 321431?
11, 29221
What are the prime factors of 324298?
2, 13, 12473
List the prime factors of 501163.
13, 19, 2029
List the prime factors of 15717241.
503, 31247
List the prime factors of 2274264.
2, 3, 10